45?
9
What is the hundreds digit of 3573790?
7
What is the tens digit of 691771?
7
What is the thousands digit of 1862394?
2
What is the ten thousands digit of 11081301?
8
What is the hundreds digit of 164398?
3
What is the thousands digit of 267349?
7
What is the tens digit of 12704430?
3
What is the ten thousands digit of 36973?
3
What is the hundreds digit of 1061383?
3
What is the tens digit of 81808?
0
What is the units digit of 8110571?
1
What is the units digit of 56900?
0
What is the thousands digit of 563975?
3
What is the tens digit of 120559?
5
What is the ten thousands digit of 275098?
7
What is the ten thousands digit of 5628782?
2
What is the hundred thousands digit of 153569?
1
What is the tens digit of 1455539?
3
What is the thousands digit of 46674?
6
What is the thousands digit of 361340?
1
What is the ten thousands digit of 794083?
9
What is the hundred thousands digit of 742363?
7
What is the ten thousands digit of 126112?
2
What is the thousands digit of 3724075?
4
What is the thousands digit of 4780158?
0
What is the hundred thousands digit of 13559494?
5
What is the ten thousands digit of 933657?
3
What is the units digit of 264968?
8
What is the ten thousands digit of 452386?
5
What is the ten thousands digit of 241184?
4
What is the hundreds digit of 4793411?
4
What is the hundred thousands digit of 147314?
1
What is the hundred thousands digit of 885322?
8
What is the units digit of 273725?
5
What is the hundreds digit of 212670?
6
What is the tens digit of 1177721?
2
What is the units digit of 65644?
4
What is the ten thousands digit of 785455?
8
What is the ten thousands digit of 2224493?
2
What is the ten thousands digit of 7007596?
0
What is the thousands digit of 1471040?
1
What is the hundreds digit of 18159915?
9
What is the hundreds digit of 428327?
3
What is the ten thousands digit of 588507?
8
What is the tens digit of 360348?
4
What is the thousands digit of 11325371?
5
What is the tens digit of 2804674?
7
What is the units digit of 31367?
7
What is the hundreds digit of 2459998?
9
What is the hundred thousands digit of 337399?
3
What is the hundred thousands digit of 15500186?
5
What is the millions digit of 9365367?
9
What is the hundred thousands digit of 387651?
3
What is the hundred thousands digit of 512829?
5
What is the ten thousands digit of 1665081?
6
What is the thousands digit of 1092785?
2
What is the hundreds digit of 26492009?
0
What is the hundreds digit of 18200657?
6
What is the ten thousands digit of 984197?
8
What is the hundreds digit of 921184?
1
What is the ten thousands digit of 550776?
5
What is the hundred thousands digit of 826288?
8
What is the hundreds digit of 2336093?
0
What is the hundred thousands digit of 2388460?
3
What is the tens digit of 60450?
5
What is the hundreds digit of 714936?
9
What is the tens digit of 14279870?
7
What is the thousands digit of 3881513?
1
What is the hundreds digit of 386560?
5
What is the tens digit of 2357644?
4
What is the thousands digit of 3164841?
4
What is the hundred thousands digit of 23922561?
9
What is the thousands digit of 1511794?
1
What is the millions digit of 8374541?
8
What is the units digit of 812950?
0
What is the ten millions digit of 33847275?
3
What is the ten thousands digit of 637991?
3
What is the tens digit of 23431770?
7
What is the units digit of 9168243?
3
What is the millions digit of 1077948?
1
What is the units digit of 34770369?
9
What is the tens digit of 1498912?
1
What is the tens digit of 9006806?
0
What is the thousands digit of 1136235?
6
What is the tens digit of 4941375?
7
What is the thousands digit of 4749787?
9
What is the ten thousands digit of 1278879?
7
What is the hundred thousands digit of 21868432?
8
What is the units digit of 2066876?
6
What is the ten thousands digit of 1828504?
2
What is the tens digit of 2669193?
9
What is the millions digit of 2841330?
2
What is the ten thousands digit of 1111227?
1
What is the units digit of 748527?
7
What is the ten thousands digit of 4526441?
2
What is the thousands digit of 18395?
8
What is the tens digit of 22219827?
2
What is the units digit of 23211723?
3
What is the ten thousands digit of 92519?
9
What is the tens digit of 13958?
5
What is the thousands digit of 25820750?
0
What is the ten millions digit of 23002065?
2
What is the units digit of 3506265?
5
What is the tens digit of 2444088?
8
What is the thousands digit of 950330?
0
What is the thousands digit of 8095731?
5
What is the hundreds digit of 9961084?
0
What is the hundreds digit of 1994877?
8
What is the thousands digit of 1779736?
9
What is the tens digit of 413232?
3
What is the units digit of 458583?
3
What is the ten thousands digit of 352730?
5
What is the tens digit of 1244127?
2
What is the units digit of 8754521?
1
What is the thousands digit of 7617529?
7
What is the tens digit of 437430?
3
What is the hundreds digit of 419236?
2
What is the millions digit of 1366692?
1
What is the millions digit of 6123845?
6
What is the thousands digit of 193761?
3
What is the tens digit of 2509683?
8
What is the thousands digit of 4351079?
1
What is the hundreds digit of 5293428?
4
What is the thousands digit of 1813231?
3
What is the ten thousands digit of 416222?
1
What is the ten thousands digit of 742248?
4
What is the units digit of 18607539?
9
What is the millions digit of 30587737?
0
What is the thousands digit of 9109205?
9
What is the hundred thousands digit of 371252?
3
What is the millions digit of 2861293?
2
What is the tens digit of 4946368?
6
What is the ten thousands digit of 161430?
6
What is the thousands digit of 2514478?
4
What is the units digit of 182113?
3
What is the ten thousands digit of 247308?
4
What is the ten thousands digit of 1016349?
1
What is the hundred thousands digit of 194495?
1
What is the hundreds digit of 2241252?
2
What is the units digit of 597208?
8
What is the millions digit of 3965114?
3
What is the thousands digit of 18996098?
6
What is the ten thousands digit of 1837112?
3
What is the tens digit of 40503?
0
What is the tens digit of 181319?
1
What is the ten thousands digit of 1732541?
3
What is the units digit of 16349?
9
What is the thousands digit of 3049217?
9
What is the units digit of 144446?
6
What is the ten thousands digit of 1099846?
9
What is the hundred thousands digit of 204305?
2
What is the hundreds digit of 4589257?
2
What is the units digit of 1515796?
6
What is the millions digit of 38099663?
8
What is the hundreds digit of 6390901?
9
What is the ten thousands digit of 2921325?
2
What is the ten thousands digit of 101571?
0
What is the hundred thousands digit of 271923?
2
What is the units digit of 2492978?
8
What is the hundreds digit of 3257192?
1
What is the tens digit of 487728?
2
What is the hundreds digit of 488394?
3
What is the millions digit of 1742927?
1
What is the ten thousands digit of 868162?
6
What is the units digit of 376450?
0
What is the hundreds digit of 293230?
2
What is the thousands digit of 29301?
9
What is the thousands digit of 854410?
4
What is the hundred thousands digit of 448123?
4
What is the ten thousands digit of 827893?
2
What is the ten thousands digit of 193556?
9
What is the hundreds digit of 193580?
5
What is the ten thousands digit of 270510?
7
What is the ten thousands digit of 5864464?
6
What is the ten thousands digit of 2533678?
3
What is the hundreds digit of 1729981?
9
What is the tens digit of 29827157?
5
What is the ten thousands digit of 31071?
3
What is the ten thousands digit of 143842?
4
What is the ten thousands digit of 60444?
6
What is the thousands digit of 17494?
7
What is the tens digit of 63296?
9
What is the hundred thousands digit of 1781002?
7
What is the ten thousands digit of 2113657?
1
What is the tens digit of 96715?
1
What is the hundred thousands digit of 1598210?
5
What is the millions digit of 17532922?
7
What is the units digit of 1105891?
1
What is the thousands digit of 5310500?
0
What is the hundred thousands digit of 220837?
2
What is the hundred thousands digit of 290951?
2
What is the ten thousands digit of 119512?
1
What is the units digit of 1451599?
9
What is the thousands digit of 237857?
7
What is the hundred thousands digit of 7545039?
5
Wha